4 - (5 - (-5 + 2))
8
Calculate -15 + (15 - -23 - 1).
22
Evaluate 248 - 253 - (-1 + 5).
-9
What is the value of -12 + -8 + -7 + 11 + 7 + -2?
-11
2 - -1 - ((-6 - 7) + 15 + -8)
9
Evaluate -21 + 51 + (-109 - -51).
-28
Calculate 7 + -8 + 7 - (9 - (37 + -8)).
26
Evaluate 6 - (2 - (-6 + 2 + -1)).
-1
-20 + 38 - (-38 + 78)
-22
What is -4 + -19 - (36 + (-12 - 18))?
-29
What is 11 - (5 + 10 + -27 + 8)?
15
What is (-14 - (-4 - (-5 - -17))) + 3?
5
What is -23 - 1 - (-45 + 100 + -51)?
-28
What is the value of (-3 + 1 - (-1 - 3)) + (-3 - 4)?
-5
What is 241 - 207 - (16 - -2)?
16
What is -13 + (8 - -2 - (-42 - -56))?
-17
Calculate -2 - 4 - (12 - (7 + -19)).
-30
Evaluate -6 + (-4 - -15) - 3.
2
18 - (-17 - -4 - -20)
11
Evaluate -1 + 9 + (-6 - (-15 - -6)) + -6.
5
3 + -7 + 3 + -12 + 21
8
What is 0 - 0 - (-478 - -490)?
-12
3 - -3 - (-9 - -2)
13
What is the value of (-8 - 8) + (82 - 60)?
6
Evaluate -13 - (0 - 5) - -4.
-4
Calculate ((-17 - 3) + 13 - 3) + -13.
-23
Evaluate -13 + -12 + 28 + -24.
-21
Evaluate -18 + 76 - (25 + 1).
32
Evaluate -2 + 0 + -1 + -35 + (23 - 19).
-34
What is the value of -4 + 10 + (0 + -15 - (-11 + 16))?
-14
What is the value of (9 - 14) + 4 + (-2 + 7 - -5)?
9
34 + (4 + 3 - (-63 - -79))
25
What is -6 - (-7 - -6) - (-5 - -15)?
-15
What is (9 - 3) + -7 + 4 - 3?
0
Calculate -1 + 22 + (217 - 251).
-13
0 - (-5 + (-14 - -13))
6
(0 - 4 - (93 + -78)) + 13
-6
-3 + 7 + 9 + -13 + 6 - -8
14
What is the value of (44 - 6) + -16 + -15 - -10?
17
What is 2 - (3 - (7 + -18 + 6 + 1))?
-5
What is the value of (-14 + -19 - -15) + 15?
-3
What is the value of (-3 - (-6 + 4 - 2)) + (-21 - -3)?
-17
What is the value of 17 + -14 + 6 + (3 - 3)?
9
Calculate -3 + 6 + -2 + (5 - (5 + -4)).
5
What is the value of (-8 - -30) + (-52 - -10)?
-20
What is the value of 18 + (5 - (-17 - -9 - -22))?
9
What is the value of 46 - 41 - (-3 + 1) - (-7 + 3)?
11
What is the value of (1 + 0 - 10) + 34 - 15?
10
What is -5 + (19 - (-23 - -18))?
19
Evaluate -4 - (-13 - -2) - (-26 - -32) - 5.
-4
What is the value of 6 + (5 - -2 - 6) - 8?
-1
Calculate 1 + (4 - 1) + 5 + -6 + -4.
-1
Evaluate -3 + -14 - (8 + -1 - 15).
-9
Evaluate -31 - (-10 - (-11 - -18)).
-14
Calculate (8 - 7) + (5 - -1) - (0 + -5).
12
Evaluate (-24 - (5 + -16)) + 9 + -7.
-11
Calculate (6 - 28) + (11 - 5).
-16
Evaluate 18 - (-2 - -7) - 9.
4
What is 2 + (-2 - -2) + -1 + (-35 - -38)?
4
Evaluate -3 - (1 - 11) - 3 - (3 - 1).
2
-9 + (4 + 8 - 5) + -13 + -4
-19
What is 15 + (-1 + 1 - 3) + (-12 - -12)?
12
What is the value of 26 + -41 + 55 + -6 + -3?
31
Evaluate -7 + -8 + 26 - 35.
-24
What is the value of 12 + -14 + 2 + -12 - (11 - 0)?
-23
7 + 38 + -46 - 33
-34
Calculate 8 + (-36 + 42 - (-2 - 17)) + -5.
28
Calculate -6 - (0 - 1 - (-19 + 12 + 0)).
-12
What is the value of 13 + (0 - -1) + -1 + (-111 - -116)?
18
Calculate -2 - (1 + -6 - ((8 - 8) + 6)).
9
-15 + (9 - ((25 - 5) + -11) - 9)
-24
-1 - 6 - (188 + -202)
7
(-37 - -16) + 6 + -12
-27
What is (-24 - -9 - (-24 - -3)) + 14?
20
What is 4 - (1 + (11 - (-3 - -1)))?
-10
Evaluate -19 + (-4 - 4) + 14 + 1.
-12
Calculate -10 + -5 + (-4 - -4).
-15
Calculate -20 + 12 + -21 + 23.
-6
Calculate 9 + (7 + 8 + -12 - 6).
6
Calculate 17 + 12 + -14 - 10.
5
(-11 - (11 + -35 + 18)) + (9 - 0)
4
Evaluate (-44 - -57 - 15) + (-2 - (-1 - -9)).
-12
-1 - (-16 + 45 + -13)
-17
Calculate -8 + (12 - 7) + (-5 + -4 - -4).
-8
Evaluate -14 - -13 - 13 - (-2 + 4).
-16
Evaluate -16 - (-26 - (20 + -35)).
-5
What is the value of -1 + 7 + -9 + 12 + -2 + 2?
9
What is the value of (-9 - -17) + (10 + -10 - 23)?
-15
What is the value of (-426 - -375) + (-3 - -40)?
-14
(-81 - -70) + (11 - 0)
0
What is -3 + 34 + (-11 - 7)?
13
(3 - (-30 + 30 - (-1 - -2))) + 16
20
-7 + (-1 - (21 - 11)) + 15
-3
-3 + (-4 - -8) + 1 + -4 + 12
10
What is (-14 + 2 + 25 - -17) + -6?
24
What is -1 + (-3 - 0) + (-11 - -12)?
-3
What is the value of 0 + -1 + (7 - 22)?
-16
Calculate -5 + 18 - -1 - 7.
7
-1772 + 1730 + (47 - 1)
4
What is the value of -16 - -13 - 0 - -24?
21
Evaluate 27 + -45 + (-3 - (-9 - -2)).
-14
What is (6 - 6 - 3) + (4 - (10 + -9))?
0
5 + (26 - (16 + 1))
14
What is 5 + -7 + 12 + -8 - 3?
-1
What is 28 + (-23 - (6 + -2))?
1
What is (9 - -5) + (4 - 6) + (2 - -1)?
15
Calculate (231 - 239) + (-3 - -1).
-10
What is the value of -35 + (-47 - -93) - (34 + 1)?
-24
Evaluate 5 + 0 + (2 + (6 - 78) - -29).
-36
(-24 + 28 - (-2 - 3)) + -2
7
Calculate (-17 - 6 - (-30 - -26)) + 3.
-16
3 + 7 - (63 - 52) - -8
7
Evaluate (-65 + 57 - (28 + -3)) + -1 + -1.
-35
What is -18 - (12 + -11) - (-7 - 0)?
-12
Evaluate 3 + (1 - -1) - (-3 - 0 - 5).
13
(-2 - -29) + 31 - 28
30
What is (2 - 8) + -3 + 2 - -1?
-6
Evaluate 9 + -5 - (-3 - 1) - (84 - 85).
9
Calculate -1 + (8 + -3 - (-15 + 14)).
5
Calculate (17 - (-41 - -49)) + -14.
-5
Evaluate 11 + (-1 - (-13 + 18)).
5
Evaluate (-1 - (3 - -1) - (-16 - -6)) + 1.
6
-15 + (28 - 26 - -25)
12
Evaluate (24 + -6 - -12) + -14.
16
Calculate -15 - (-13 - (-7 + 0)).
-9
-8 + 2 + (2 - (25 + 2 + -8))
-23
Evaluate 20 - 21 - (-5 + -4) - 16.
-8
What is (2 - (-2 - 3 - -10)) + -6?
-9
What is 18 - (-29 + 79 + -24)?
-8
What is the value of (35 - (64 - 25)) + -1 + -2?
-7
Calculate -7 + 20 + -7 - 5.
1
6 + -21 + (-54 - -57)
-12
3 + -12 + (2 - 11 - (3 - 0))
-21
Evaluate (7 - (-17 + 18)) + -7.
-1
(18 - 12 - (-1 + 6)) + 2 + -12
-9
What is 12 - (2 + 11 - (-52 - -59))?
6
What is the value of (-1 - -11 - (107 - 100)) + -3?
0
What is -1 - 9 - (-18 + 11)?
-3
Calculate -15 - (-1 + -11 + 9).
-12
What is the value of 13 + (-8 + -5 - -3) + (-1 - -1)?
3
0 + -26 + (1146 - 1134)
-14
What is 1 + (33 + 7 - 9)?
32
What is (-5 - (8 - (21 - -10))) + -2 + 2?
18
13 + (-2 - (5 + -3) - -2 - 6)
5
Evaluate (-1 - 0) + 1 + 3 - (1919 - 1913).
-3
11 + -10 + (10 - 3) - -5
13
What is -9 - -22 - 14 - 5?
-6
What is the value of (-11 - -9) + 3 + -7 + 0 + 0?
-6
Calculate (1 - 1) + (-9 + 2 - -7).
0
What is 72 + -62 - (9 + 1)?
0
Calculate (100 - 111) + (1 - 8).
-18
Calculate -2 + 5 + (-18 - -28 - 9).
4
What is 0 + 0 + -5 + (-8 - -10) + 3?
0
Evaluate 1 + 1 + (-16 - 7 - -8) + 9.
-4
Calculate 2 + (-15 - -8) + 13 + -6.
2
What is -15 + (40 - 7) + -9 - 12?
-3
What is the value of 0 + (-8 - (2 + (-5 - 13))) + 0?
8
(2 - 5) + 9 + 1
7
(2 - -1 - (19 - 21)) + 0
5
-28 - (-15 + (0 - 3)) - (-8 - -1)
-3
(44 + -54 - (-2 - 2)) + 3
-3
Evaluate 3 - (-776 - -746 - (0 - 0 - 8)).
25
-2 - 0 - (47 + -31) - (-1 - 2)
-15
What is 7 + 0 + -2 - (766 + -757)?
-4
What is 17 + (-21 + 18 - 13) - 12?
-11
What is 4 - 11 - -19 - (10 + 0)?
2
What is the value of -15 + (11 - 10) + 16?
2
Evaluate 13 - (3 - (4 - 15)).
-1
Calculate -22 + (33 - (-17 - -36)).
-8
What is the value of (5 + -2 - (2 + 1)) + (12 - 3)?
9
(-3 + 7 - (7 - 7)) + 8
12
What is 2 + (12 - (-3 + (9 - 3)) - 5)?
6
Calculate (-15 - -16 - 4) + -19 - (1 + -4).
-19
What is -10 - (-3 + 15 + -4)?
-18
1 + -4 + 62 + (-23 - 30)
6
What is the value of 16 - (-15 + 53 + -13)?
-9
-171 - -198 - (22 + 0)
5
Calculate (-5 - (0 - (-2 - -1))) + 16.
10
What is the value of (-5 - (-6 - -8)) + (8 - 2)?
-1
What is the value of 13 + (3 + -1 - (34 + -6))?
-13
What is 31 + -17 + 12 + -16?
10
Evaluate 12 - ((-20 - -51) + -25).
6
(6 - (4 - (1 + 1))) + -169 + 171
6
What is (8 - 8 - 1) + -8?
-9
What is (0 - 25) + 46 + -16?
5
What is 5 + 4 + -19 - -4?
-6
Calculate 7 + (-13 - 7) + 41.
28
What is the value of 25 + -4 + 6 + -4 + -9?
14
2 + 9 + (-40 - -38) + -2 + 5
12
What is the value of 27 + (46 - 27) + -26?
20
Calculate (1 - (-2 + 1)) + (-27 - -13) + 17.
5
What is -41 + 3 - -3 - (-12 + (-1 - -7))?
-29
Calculate 0 - ((-30 - -3) + 16).
11
What is the value of -9 - 6 - (-1 - (-1 + 5 + -2))?
-12
-10 + (1 + 18 - 17)
-8
What is 3 - (3 + -2 - (25 - 23))?
4
(-11 - -8 - 10) + (3 + -5 - 1)
-16
Evaluate 9 - (-1 + 12 + 1).
-3
4 - (58 - 15 - 14) - (2 - 4)
-23
-6 + (-5 + 7 - 2)
-6
(8 - (-13 + 11)) + (4 - (4 + -1))
11
What is the value of 50 + -35 - (-18 - -4)?
29
Calculate -78 + (54 - -12) - (-1 + 11).
-22
What is the value of -11 + (-7 - (4 - 14 - -18))?
-26
What is the value of (-16 - -30) + -4 + -4?
6
Evaluate 14 - 7 - 0 - (5 + -8).
10
Calculate -8 - (-2 + (11 - 5)).
-12
(-5 - (5 + -17 - -12)) + 34 - -7
36
Calculate (-2 - 1 - (0 - -11 - 6)) + 1.
-7
Calculate (-12 - -14) + (-9 - 3) - -3.
-7
Evaluate 20 - (10 + -3 + -13 - 1).
27
What is the value of -4 + 7 - ((14 - -8) + 0)?
-19
Evaluate 4 + (-24 + -1 - -25).
4
-17